8).
-17
Let k(b) = -4*b**3 - 14*b**2 + 1435*b - 728. Calculate k(-21).
7
Let j(z) = -z**2 - 4627*z - 219793. Give j(-48).
-1
Let h(v) = 59*v**2 + 93*v - 35. Give h(-4).
537
Let k(l) = 23*l**3 + 1170*l**2 - 161*l - 415. Give k(-51).
-7
Let a(n) = -n**3 - 118*n**2 + 32*n + 3831. Determine a(-118).
55
Let m(s) = 75797*s - 6366939. Give m(84).
9
Let f(g) = 6*g**2 - 616*g - 1580. Determine f(103).
-1374
Let t(x) = 1536*x - 3343. What is t(2)?
-271
Let p(w) = w**3 + 89*w**2 + 530*w - 25587. Calculate p(-78).
-3
Let n(l) = 3*l**2 + 498*l + 18130. Determine n(-54).
-14
Let s(m) = -m**2 + 4879*m + 356462. What is s(-72)?
-10
Let c(t) = -2261*t - 7088. Calculate c(-4).
1956
Let u(x) = 1345*x + 20203. Calculate u(-15).
28
Let q(s) = -688*s + 33875. What is q(49)?
163
Let l(h) = -692*h + 35469. Determine l(52).
-515
Let y(h) = h**2 - 1000*h - 11038. Determine y(-11).
83
Let a(w) = -5*w**2 + 1890*w - 90036. Determine a(322).
124
Let d(p) = -27851*p - 640444. Give d(-23).
129
Let v(c) = 218*c + 29414. Determine v(-135).
-16
Let z(f) = -18069*f - 2945248. What is z(-163)?
-1
Let p(n) = -2549*n + 214113. Calculate p(84).
-3
Let u(w) = 1205*w**3 - 2*w**2 - 475*w + 478. Determine u(1).
1206
Let k(z) = -124*z**3 + 52*z**2 - 73*z + 21. What is k(1)?
-124
Let z(p) = 3992*p - 175869. Calculate z(44).
-221
Let o(k) = 158*k**2 - 2198*k - 190. What is o(14)?
6
Let v(b) = -b**3 + 52*b**2 - 536*b + 24. Calculate v(39).
-1107
Let p(b) = -21*b**2 - 306*b - 1562. Give p(-5).
-557
Let i(z) = -6*z**2 + 1035*z - 20259. Calculate i(150).
-9
Let u(h) = 12031*h - 252656. Give u(21).
-5
Let w(x) = -8*x**2 - 187*x - 170. Calculate w(-34).
-3060
Let d(a) = 8*a**2 + 50*a - 2804. What is d(15)?
-254
Let g(i) = -2*i**3 - 27*i**2 + 469*i. Calculate g(10).
-10
Let h(x) = -39199*x - 313654. Determine h(-8).
-62
Let y(d) = d**3 + 141*d**2 - 347*d - 8766. Determine y(-143).
-43
Let a(k) = -19442*k + 174951. Determine a(9).
-27
Let t(j) = -35450*j + 141789. Determine t(4).
-11
Let s(b) = 597*b + 18526. Determine s(-31).
19
Let y(s) = -11499*s + 264505. Determine y(23).
28
Let f(j) = -12*j**3 + j**2 - 49*j + 161. Determine f(4).
-787
Let c(q) = -950*q - 18084. Give c(-19).
-34
Let z(d) = -22*d**2 - 3446*d + 6990. Determine z(2).
10
Let c(p) = 13*p**2 + 767*p + 64. Determine c(-60).
844
Let f(x) = -513*x - 1721. Calculate f(-3).
-182
Let a(d) = d**2 - 4283*d - 291566. What is a(-67)?
-116
Let u(z) = 1658*z + 31508. Give u(-19).
6
Let m(o) = 37*o**2 - 45*o - 504. Give m(4).
-92
Let a(k) = -1264*k + 185060. Give a(146).
516
Let u(i) = 2*i**2 - 112*i - 307. Calculate u(50).
-907
Let w(r) = 4*r**2 + 391*r + 2691. Determine w(-88).
-741
Let q(j) = 501*j**2 + 44094*j + 542. Determine q(-88).
14
Let q(r) = 66*r**2 - 549*r - 6611. Give q(15).
4
Let r(x) = -3*x**2 + 70*x - 198. Determine r(14).
194
Let b(h) = 3097*h + 18684. Calculate b(-6).
102
Let c(r) = 30*r**2 + 502*r + 253. Calculate c(-16).
-99
Let w(c) = c**3 - 273*c**2 - 2878*c + 335905. Calculate w(279).
-11
Let b(h) = -2*h**3 - 1289*h**2 + 519*h - 81241. What is b(-645)?
29
Let f(a) = -567*a**2 + 1685*a - 58. Give f(3).
-106
Let l(p) = -5111*p**2 - 10177*p - 7. Determine l(-2).
-97
Let h(x) = 14*x**3 - 138*x**2 - 82*x + 600. What is h(10)?
-20
Let w(z) = z**3 + 18*z**2 + 213*z + 5835. Give w(-21).
39
Let g(l) = 951469*l + 951459. Determine g(-1).
-10
Let s(z) = -29*z**2 + 257*z - 2994. Calculate s(15).
-5664
Let o(h) = 2*h**3 - 198*h**2 + 4550*h - 861. What is o(63)?
21
Let j(g) = 3*g**3 + 2*g**2 - 751*g + 4324. Give j(10).
14
Let u(f) = -6*f**3 - 75*f**2 + 55*f + 237. Calculate u(-13).
29
Let c(u) = u**2 - 427*u - 7045. What is c(-16)?
43
Let x(v) = -2436*v - 636. Give x(0).
-636
Let i(y) = -2382*y - 161965. Calculate i(-68).
11
Let j(b) = -12*b**2 - 216*b - 976. What is j(-12)?
-112
Let z(g) = -g**3 + 4*g**2 + 591*g + 1455. Determine z(-21).
69
Let v(x) = -x**3 + 109*x**2 - 2711*x - 140. Determine v(70).
1190
Let h(v) = 17682*v + 512785. Determine h(-29).
7
Let y(f) = 30*f**3 + 10*f**2 + 30*f + 5. Give y(-4).
-1875
Let t(f) = 2*f**2 + 535*f - 396194. Give t(331).
13
Let l(b) = -2*b**3 - 63*b**2 + 84*b + 3429. Give l(-31).
-136
Let c(f) = 52876*f + 951555. Determine c(-18).
-213
Let y(a) = 2*a**3 - 37*a**2 - 737*a + 12639. Give y(15).
9
Let m(g) = 102584*g - 718011. Determine m(7).
77
Let f(m) = -10236*m - 256398. Give f(-25).
-498
Let p(f) = 18*f**3 + 2*f**2 + 4*f + 5. Determine p(0).
5
Let f(p) = -4894*p - 2329515. Calculate f(-476).
29
Let y(i) = 13*i**3 + 126*i**2 - 33*i - 2. What is y(-10)?
-72
Let a(b) = b**3 + 198*b**2 - 613*b - 2036. Determine a(-201).
-26
Let b(u) = -20*u**3 - 322*u**2 - 329*u + 7. Determine b(-15).
-8
Let z(f) = -f**3 - 23*f**2 + 52*f - 153. Give z(-24).
-825
Let t(u) = -33264*u - 1430210. Give t(-43).
142
Let s(q) = -q**2 - 160*q - 6060. Give s(-96).
84
Let h(l) = 3*l**3 - 116*l**2 + 70*l - 4259. Calculate h(39).
-8
Let y(i) = i**3 + 6*i**2 - 478*i + 1738. Determine y(4).
-14
Let t(p) = p**3 - 57*p**2 + 783*p - 129. Calculate t(23).
-106
Let o(u) = 169882*u - 1528925. Calculate o(9).
13
Let m(g) = -22*g**3 - 391*g**2 + 19*g + 1. What is m(-18)?
1279
Let q(r) = -30775*r + 59425. Calculate q(2).
-2125
Let r(k) = 3*k**2 - 320*k + 8085. Give r(41).
8
Let o(c) = -3*c**3 - 26*c**2 + 69*c + 53. Determine o(3).
-55
Let g(v) = 130*v - 10619. What is g(80)?
-219
Let k(d) = -d**3 - 34*d**2 + 415*d + 10061. What is k(-38)?
67
Let w(m) = 463*m + 157423. Calculate w(-340).
3
Let s(x) = x**2 - 6491*x + 116511. Calculate s(18).
-3
Let a(s) = -s**3 - 25*s**2 + 1238*s - 576. Determine a(-50).
24
Let o(t) = -t**3 + 6*t**2 + 18*t - 2. Give o(8).
14
Let g(y) = 62829*y - 314142. Determine g(5).
3
Let o(y) = -2999*y + 572804. Calculate o(191).
-5
Let y(g) = 3*g**3 + 107*g**2 + 539*g + 411. What is y(-5)?
16
Let x(v) = 3159048*v - 15795239. Calculate x(5).
1
Let i(o) = -o**2 + 889*o - 375. Calculate i(0).
-375
Let m(x) = 851*x + 181255. Calculate m(-213).
-8
Let t(m) = -135*m + 8790. Determine t(78).
-1740
Let j(i) = 5*i**3 - 7*i**2 - 368*i - 2. Determine j(-8).
-66
Let b(d) = 14*d**2 + 5760*d + 86133. Calculate b(-15).
2883
Let b(w) = 4*w**3 - 382*w**2 - 191*w - 209. What is b(96)?
-113
Let g(n) = -n**3 - 3*n**2 - 36*n - 1093. Give g(-12).
635
Let h(f) = 1815*f - 8446. Calculate h(5).
629
Let t(b) = 9536*b - 47741. Give t(5).
-61
Let u(f) = -140*f**2 + 2257*f - 3. Determine u(16).
269
Let d(l) = 10*l**2 + 3418*l - 20830. Determine d(6).
38
Let b(m) = -7175*m + 71911. Determine b(10).
161
Let b(l) = -3114*l + 454536. Calculate b(146).
-108
Let q(v) = -5*v**3 + 296*v**2 + 294*v - 3277. Give q(60).
-37
Let r(s) = -11*s**2 - 2961*s - 8790. Give r(-3).
-6
Let z(p) = -11442*p - 23389. Give z(-2).
-505
Let x(d) = -d**2 - 112*d - 2225. What is x(-86)?
11
Let k(x) = -251*x**3 - 29616*x**2 + 235*x - 116. What is k(-118)?
2
Let k(u) = 10*u**2 - 381*u + 45. Calculate k(38).
7
Let u(c) = -3*c**2 - 182*c + 6380. What is u(26)?
-380
Let n(s) = s**3 - 10*s**2 - 319*s - 2. What is n(22)?
-1212
Let f(q) = -q**2 - 614*q - 44542. What is f(-530)?
-22
Let h(z) = 2*z**3 + 179*z**2 + 2931*z - 10449. Calculate h(3).
9
Let y(q) = 1640*q - 6858. Give y(4).
-298
Let x(f) = -1780*f**2 - 46280*f + 32. Determine x(-26).
32
Let v(o) = 3*o**3 - 564*o**2 - 529*o - 7143. Determine v(189).
39
Let p(n) = 3187*n - 551210. What is p(173)?
141
Let g(q) = -98336*q + 688338. Determine g(7).
-14
Let m(c) = 14*c**2 - 2497*c + 893. What is m(178)?
3
Let k(p) = 14*p**2 + 705*p - 1180. Give k(-52).
16
Let g(a) = -2193*a + 21921. Give g(10).
-9
Let f(h) = -14*h**3 + 1067*h**2 - 228*h - 33. Give f(76).
-33
Let v(d) = -683*d - 52005. Calculate v(-76).
-97
Let y(v) = 131*v**2 - 3533*v - 86. What is y(27)?
22
Let u(i) = -22483*i - 2000984. What is u(-89)?
3
Let v(y) = 2*y**2 - 50258*y - 502778. Calculate v(-10).
2
Let h(s) = 50*s**2 + 3131*s + 87. What is h(-64)?
4503
Let b(a) = 5044*a + 29936. Give b(-6).
-328
Let a(m) = -11887*m + 142658. Calculate a(12).
14
Let w(s) = -s**3 - 21*s**2 - 31*s - 615. What is w(-16)?
-1399
Let z(g) = -507*g + 56236. Calculate z(112).
-548
Let c(g) = -2587*g + 1880710. Determine c(727).
-39
Let y(p) = -33*p**2 + 3747*p + 3746. Give y(-1).
-34
Let p(o) = o**2 + 168*o + 3607. What is p(-145)?
272
Let a(s) = -s**2 - 3*s + 718. Determine a(23).
120
Let 